30?
2, 5, 13
List the prime factors of 28408.
2, 53, 67
What are the prime factors of 40618?
2, 23, 883
List the prime factors of 1749.
3, 11, 53
What are the prime factors of 7700?
2, 5, 7, 11
What are the prime factors of 36026?
2, 18013
What are the prime factors of 400?
2, 5
List the prime factors of 17453.
31, 563
What are the prime factors of 18307?
18307
List the prime factors of 4572.
2, 3, 127
List the prime factors of 13552.
2, 7, 11
What are the prime factors of 8734?
2, 11, 397
What are the prime factors of 798?
2, 3, 7, 19
List the prime factors of 3125.
5
What are the prime factors of 2043?
3, 227
What are the prime factors of 43925?
5, 7, 251
What are the prime factors of 2055?
3, 5, 137
What are the prime factors of 127807?
127807
What are the prime factors of 15538?
2, 17, 457
List the prime factors of 1294.
2, 647
List the prime factors of 85360.
2, 5, 11, 97
List the prime factors of 3542.
2, 7, 11, 23
List the prime factors of 1290.
2, 3, 5, 43
List the prime factors of 2676.
2, 3, 223
What are the prime factors of 12442?
2, 6221
List the prime factors of 1047.
3, 349
What are the prime factors of 3680?
2, 5, 23
List the prime factors of 10829.
7, 13, 17
List the prime factors of 3926.
2, 13, 151
What are the prime factors of 143501?
143501
List the prime factors of 5884.
2, 1471
What are the prime factors of 5277?
3, 1759
What are the prime factors of 30129?
3, 11, 83
What are the prime factors of 4298?
2, 7, 307
What are the prime factors of 3036?
2, 3, 11, 23
List the prime factors of 81026.
2, 11, 29, 127
List the prime factors of 1740.
2, 3, 5, 29
List the prime factors of 5862.
2, 3, 977
What are the prime factors of 887?
887
What are the prime factors of 2505?
3, 5, 167
List the prime factors of 53642.
2, 26821
List the prime factors of 6013.
7, 859
What are the prime factors of 67401?
3, 7489
What are the prime factors of 7149?
3, 2383
What are the prime factors of 80109?
3, 23, 43
List the prime factors of 7053.
3, 2351
List the prime factors of 18345.
3, 5, 1223
List the prime factors of 963.
3, 107
List the prime factors of 340.
2, 5, 17
What are the prime factors of 4174?
2, 2087
List the prime factors of 2114.
2, 7, 151
List the prime factors of 9164.
2, 29, 79
What are the prime factors of 2884?
2, 7, 103
What are the prime factors of 3030?
2, 3, 5, 101
List the prime factors of 89146.
2, 29, 53
List the prime factors of 42542.
2, 89, 239
List the prime factors of 24239.
24239
List the prime factors of 34867.
7, 17, 293
What are the prime factors of 1174?
2, 587
List the prime factors of 1194.
2, 3, 199
List the prime factors of 24801.
3, 7, 1181
What are the prime factors of 40?
2, 5
List the prime factors of 72648.
2, 3, 1009
List the prime factors of 20792.
2, 23, 113
List the prime factors of 2555.
5, 7, 73
List the prime factors of 1659.
3, 7, 79
List the prime factors of 3853.
3853
List the prime factors of 7066.
2, 3533
What are the prime factors of 5611?
31, 181
What are the prime factors of 2188?
2, 547
List the prime factors of 3809.
13, 293
What are the prime factors of 2626?
2, 13, 101
List the prime factors of 930.
2, 3, 5, 31
What are the prime factors of 129073?
7, 18439
List the prime factors of 13295.
5, 2659
List the prime factors of 1889.
1889
List the prime factors of 4275.
3, 5, 19
List the prime factors of 12713.
12713
What are the prime factors of 3310?
2, 5, 331
List the prime factors of 483.
3, 7, 23
List the prime factors of 16034.
2, 8017
What are the prime factors of 27253?
27253
What are the prime factors of 42580?
2, 5, 2129
List the prime factors of 35123.
11, 31, 103
List the prime factors of 715.
5, 11, 13
List the prime factors of 9834.
2, 3, 11, 149
List the prime factors of 554.
2, 277
List the prime factors of 14331.
3, 17, 281
What are the prime factors of 4976?
2, 311
What are the prime factors of 21468?
2, 3, 1789
What are the prime factors of 63894?
2, 3, 23, 463
List the prime factors of 5808.
2, 3, 11
What are the prime factors of 787?
787
List the prime factors of 22529.
13, 1733
What are the prime factors of 4288?
2, 67
List the prime factors of 379.
379
What are the prime factors of 52990?
2, 5, 7, 757
What are the prime factors of 226?
2, 113
What are the prime factors of 4892?
2, 1223
What are the prime factors of 24007?
24007
What are the prime factors of 12019?
7, 17, 101
What are the prime factors of 14768?
2, 13, 71
List the prime factors of 86729.
86729
What are the prime factors of 216?
2, 3
List the prime factors of 1279.
1279
List the prime factors of 7886.
2, 3943
List the prime factors of 90862.
2, 181, 251
What are the prime factors of 1796?
2, 449
What are the prime factors of 518?
2, 7, 37
List the prime factors of 17512.
2, 11, 199
List the prime factors of 1180.
2, 5, 59
What are the prime factors of 34875?
3, 5, 31
List the prime factors of 2475.
3, 5, 11
What are the prime factors of 11565?
3, 5, 257
List the prime factors of 969.
3, 17, 19
List the prime factors of 10105.
5, 43, 47
List the prime factors of 880.
2, 5, 11
What are the prime factors of 27720?
2, 3, 5, 7, 11
What are the prime factors of 2885?
5, 577
What are the prime factors of 1373?
1373
What are the prime factors of 31084?
2, 19, 409
List the prime factors of 2128.
2, 7, 19
What are the prime factors of 41194?
2, 43, 479
List the prime factors of 5525.
5, 13, 17
List the prime factors of 4592.
2, 7, 41
List the prime factors of 7902.
2, 3, 439
What are the prime factors of 10225?
5, 409
What are the prime factors of 1565?
5, 313
What are the prime factors of 19127?
31, 617
List the prime factors of 855.
3, 5, 19
List the prime factors of 23741.
23741
List the prime factors of 34480.
2, 5, 431
What are the prime factors of 5465?
5, 1093
What are the prime factors of 1619?
1619
List the prime factors of 7194.
2, 3, 11, 109
What are the prime factors of 16114?
2, 7, 1151
What are the prime factors of 68?
2, 17
What are the prime factors of 969?
3, 17, 19
What are the prime factors of 2933?
7, 419
List the prime factors of 13051.
31, 421
What are the prime factors of 49897?
41, 1217
List the prime factors of 2243.
2243
List the prime factors of 7569.
3, 29
List the prime factors of 827.
827
List the prime factors of 647.
647
List the prime factors of 1089.
3, 11
List the prime factors of 35411.
17, 2083
What are the prime factors of 14322?
2, 3, 7, 11, 31
What are the prime factors of 21351?
3, 11, 647
What are the prime factors of 2795?
5, 13, 43
List the prime factors of 1306.
2, 653
What are the prime factors of 12066?
2, 3, 2011
List the prime factors of 13596.
2, 3, 11, 103
What are the prime factors of 11273?
11273
List the prime factors of 7956.
2, 3, 13, 17
What are the prime factors of 3553?
11, 17, 19
What are the prime factors of 34495?
5, 6899
What are the prime factors of 138447?
3, 15383
What are the prime factors of 875?
5, 7
List the prime factors of 1408.
2, 11
List the prime factors of 9580.
2, 5, 479
What are the prime factors of 848?
2, 53
List the prime factors of 168039.
3, 18671
List the prime factors of 4616.
2, 577
What are the prime factors of 29094?
2, 3, 13, 373
What are the prime factors of 830?
2, 5, 83
List the prime factors of 170226.
2, 3, 7, 193
What are the prime factors of 782?
2, 17, 23
What are the prime factors of 647?
647
What are the prime factors of 21419?
21419
What are the prime factors of 8617?
7, 1231
List the prime factors of 794.
2, 397
What are the prime factors of 24698?
2, 53, 233
List the prime factors of 48360.
2, 3, 5, 13, 31
What are the prime factors of 6366?
2, 3, 1061
What are the prime factors of 44?
2, 11
What are the prime factors of 63625?
5, 509
What are the prime factors of 18474?
2, 3, 3079
What are the prime factors of 39762?
2, 3, 47
List the prime factors of 7052.
2, 41, 43
What are the prime factors of 6227?
13, 479
What are the prime factors of 100019?
100019
What are the prime factors of 132203?
73, 1811
What are the prime factors of 53388?
2, 3, 1483
List the prime factors of 10478.
2, 13, 31
List the prime factors of 30832.
2, 41, 47
List the prime factors of 173258.
2, 86629
What are the prime factors of 198?
2, 3, 11
List the prime factors of 43361.
131, 331
What are the prime factors of 3346?
2, 7, 239